= -22*z. Calculate the remainder when u(b) is divided by z.
25
Let o(a) = -280*a - 3846. What is the remainder when o(-15) is divided by 48?
18
Let c = 43150 - 42778. Calculate the remainder when c is divided by 119.
15
Suppose -2*a = 4*q + 2, 8*q + 7 = -a + 3*q. Suppose 0 = -a*i - 11 + 32. Calculate the remainder when 43 is divided by i.
1
Let o be 9/18*(-7 - -3). What is the remainder when 200 - (5 + o + 4) is divided by 22?
17
Suppose -19*w - 72129 = -72547. Calculate the remainder when 1965 is divided by w.
7
Suppose -30*f = -1377 - 2523. What is the remainder when 4417 is divided by f?
127
Suppose -49 = -5*p + 5*q - 24, 5*p - 7 = 7*q. What is the remainder when 473 + (0 - 0) + 0 is divided by p?
11
Suppose 373*u - 182*u = 189*u + 1152. Calculate the remainder when u is divided by 557.
19
Calculate the remainder when (-1 + 2906/5)*5 is divided by 88.
85
Let a = -1122 + 709. Let t = 429 + a. What is the remainder when 333 is divided by t?
13
Suppose 3*i - 4*i + 61 = 0. What is the remainder when i is divided by -1828*8/(-608) + 14/(-266)?
13
Suppose -5*q + 20 = 10. Suppose q = -2*x - 0. What is the remainder when 31 is divided by 4 + 12 + x - 4?
9
Let h(s) = 425*s + 1830. What is the remainder when h(-3) is divided by 265?
25
Suppose 3917 - 4615 = 83*z - 10575. Let u(h) = -4*h + 8. What is the remainder when z is divided by u(-9)?
31
Let x be 48/(-8) - (0 - (-2 + 6)). Calculate the remainder when 97 is divided by 5/(-50)*x + (-168)/(-10).
12
Suppose 2*v + 27 = 11*v. Suppose -v*q + 5*q - 88 = 0. Calculate the remainder when 351 is divided by q.
43
Suppose -5*p = 2*u - 627, -35 + 43 = -2*u. Calculate the remainder when p is divided by 7.
1
Suppose -c - 4*z - 108 = 0, -c - z - 216 = c. Let b = -32 - c. What is the remainder when b is divided by 6?
4
Let d be (9/(-18) - 3/6)*1. Calculate the remainder when ((-66)/4)/((d - 3)/8) is divided by 11.
0
Suppose -3*f = 18, -5*f - 18*f + 114 = q. What is the remainder when q is divided by 107?
38
Let k be 365/(-75) - (26/(-30) + 1). What is the remainder when ((-15)/k)/1 - (0 - 108) is divided by 16?
15
Let u(t) = t**2 - 126*t + 545. Calculate the remainder when 910 is divided by u(122).
55
Let h(s) = 6*s**2 + 10*s + 1. Let w be h(-2). Suppose -2405 = -w*b - 5*v, b - v - 117 = 360. What is the remainder when b is divided by 97?
91
Let c = -3 + 6. Let w(y) = 7*y**2 - 30*y + 12 - 10*y**2 + 0*y**2. What is the remainder when w(-10) is divided by c?
0
Let k = 279 + -272. Suppose 0 = 3*g - a - 463, -5*g + 4*a + 765 = a. What is the remainder when (g/30)/((-2)/(-10)) is divided by k?
5
Let k = -222 - -382. Let s = k + -138. Calculate the remainder when s is divided by (-70)/(-15) + 2/(-3).
2
What is the remainder when 4687 is divided by (-224)/16 + 6 + 142?
131
Let k = 219 - -129. What is the remainder when k is divided by (-1484)/10388 - (-1 - -2)*(-982)/14?
68
Suppose -42 = -4*s + 2*d, -4*d - 24 + 3 = -s. Suppose s*k - 1508 = -194. Calculate the remainder when k is divided by 33.
14
Let m = -4736 + 4822. What is the remainder when 863 is divided by m?
3
Let x = -97 - -121. Suppose -2*n + 48 = 2*n. Calculate the remainder when 5 - (6/(-3) - x) is divided by n.
7
Let p = -28 + 33. Suppose -2*q + p*q = 180. What is the remainder when 34 is divided by (-4)/(5 - 13)*q?
4
Let s = -3402 - -3487. What is the remainder when s is divided by 34?
17
Suppose 3*u = 358 - 91. Let h be (0 - -3) + (-3 - u)/(-2). Suppose h*r = 44*r + 240. Calculate the remainder when r is divided by 14.
6
Suppose -2*t - 55 = -6*m + 3*m, 0 = 3*m + t - 58. Suppose -5*h = -10*h + 555. Calculate the remainder when h is divided by m.
16
Let y(i) = 3*i**3 - 127*i**2 - 84*i - 50. What is the remainder when 1258 is divided by y(43)?
34
Let f(g) = -21*g + 46. What is the remainder when f(-2) is divided by ((-2)/(-3))/(-2) - 5670/(-243)?
19
Let t(q) = -45*q + 19*q + 5*q**2 + 8*q**2 - 14*q**2 + 112. What is the remainder when t(-26) is divided by 19?
17
Let p(q) = -9*q - 23. What is the remainder when 2 - ((-4 - 0) + -116) is divided by p(-7)?
2
Suppose 211 = 5*q + 3*w - 220, 15 = -5*w. What is the remainder when q is divided by 46?
42
Let x = -448 - -681. Let w = x - 179. Calculate the remainder when w is divided by 11.
10
Suppose -3*u = -1 - 14. Suppose 0 = u*z - 9*z + 132. Calculate the remainder when z is divided by 5*5/(-25) - -10.
6
Let p = 536 + -358. Suppose 15*x - p = -28. What is the remainder when 59 is divided by x?
9
Let x be (-188)/(-10) - ((-56)/(-20) + -3). Let f = x + -14. Suppose 5 = 5*w + 5*j - f, -9 = 3*j. Calculate the remainder when w is divided by 4.
1
Let c(b) be the first derivative of b**4/4 - 5*b**3 - 8*b**2 + 18*b - 9. Let s be c(16). Suppose 14*f + 16 = s*f. What is the remainder when 33 is divided by f?
1
Let r = 5696 + -5663. Calculate the remainder when 162 is divided by r.
30
Calculate the remainder when 405 is divided by (-2)/6*((-26)/(-13) + -311).
96
Let p = -3 + 8. Suppose 0 = -4*t - p*d + 142 + 111, 70 = t - d. What is the remainder when t is divided by 10?
7
Calculate the remainder when (8 - (-92)/(-23))*1934/4 is divided by 16.
14
Suppose -18*q + 3328 = -2*q. Suppose 2*u = 5*b - 204, -5*b + 190 = -0*u + 5*u. Suppose 4*g - b = q. Calculate the remainder when g is divided by 13.
10
Let i(u) = 3*u**2 - 38*u + 66. What is the remainder when 1660 is divided by i(-5)?
5
Calculate the remainder when (-2 - -5) + -8*(1 + -125) is divided by 167.
160
Let w be ((-1)/((-5)/50))/2. Suppose 2*d + 2*s - 96 = -10, d + w*s = 27. Let t(m) = 5*m - 7. Calculate the remainder when d is divided by t(5).
11
What is the remainder when 39 is divided by (-54)/(-36)*2*20/4?
9
Let v(o) = -73*o + 1263. What is the remainder when 836 is divided by v(15)?
164
Calculate the remainder when ((-33)/165*(-6835)/(-3)*-3)/1 is divided by 19.
18
Suppose 59*h - 69*h = -50. Suppose y + 88 = h*y. What is the remainder when 206 is divided by y?
8
What is the remainder when 15454 is divided by 1/5 - (-110814)/330?
334
Suppose 52*p - 1776 = 4*p. Calculate the remainder when 416 is divided by p.
9
Let r be (-27)/36 + (-114)/(-24). Suppose 0 = -2*h - r, -2*a + 40 = -0*h - 4*h. Calculate the remainder when 29 is divided by a.
13
Suppose 19*z - 14 = 18*z. Suppose 5*w - 187 = -4*p, p - 5*w = -4*w + 58. What is the remainder when p is divided by z?
11
Suppose -31683 - 14582 = -171*d - 316*d. Calculate the remainder when 550 is divided by d.
75
Let n be (-80)/(-140) + (-802)/7. Let o = n + 121. Calculate the remainder when 10 is divided by o.
3
Suppose -32 = 12*v + 16. Let k be 7*(-2)/8 + v/16. What is the remainder when (396/15)/k*(-5 + -5) is divided by 27?
24
Let a(q) = 7*q - 13. Let t = -4027 - -4041. What is the remainder when a(9) is divided by t?
8
Suppose 552 = -10*x + 14*x. What is the remainder when x is divided by (-1 + (-561)/(-12))*(-180)/(-135)?
16
Suppose -k = 4*d - 3*k - 80, 4*k = 2*d - 52. What is the remainder when d is divided by (30/(-50) + 0)*20/(-6)?
0
Let i = 7666 + -7444. What is the remainder when 12874 is divided by i?
220
Suppose -9*i + 8*i = -7. Let f(k) = 2 + 11 - 3*k + i + 1. What is the remainder when 8 is divided by f(5)?
2
Let l be (-2)/(-3) - (-308)/(-21). Let y = 78 + l. What is the remainder when y is divided by (21 - 4) + (0 - -6)?
18
Let g(l) = l**3 + 7*l**2 + 7*l + 7. What is the remainder when (-6)/16 - 483/(-8) is divided by g(-5)?
16
Suppose 2965 = 6*p + 2821. Calculate the remainder when 86 is divided by p.
14
Let j = -2587 + 2806. Suppose -4*q = 4*a - 108, 0*q + 5*q - 20 = 0. What is the remainder when j is divided by a?
12
Suppose 2*u + 52 - 146 = o, 4*o + 88 = 2*u. Let p = -6795 + 6935. Calculate the remainder when p is divided by u.
44
Let k be (-8)/28*2*(-14)/4. Let f be 3/(k + 4) + 75/(-10). Calculate the remainder when 28/(-98) + (-10)/f*59 is divided by 22.
18
Let r(y) = -2*y**3 + 5*y**2 - 3*y + 3. Let v be r(5). Let n = v - -140. Calculate the remainder when 5 is divided by n.
2
Suppose -97 = -3*p + h, 2*h = -12*p + 14*p - 62. What is the remainder when 1220 is divided by p?
32
Suppose 2*w - 184 = 2*d + 2*d, -12 = 4*d. What is the remainder when 427 is divided by w?
83
Let t(u) = -u**3 + 6*u**2 + 12*u + 4. Calculate the remainder when 610 is divided by t(5).
76
Suppose -2*m = -33*y + 36*y - 2761, -4601 = -5